{"id":719,"date":"2020-09-18T09:12:33","date_gmt":"2020-09-18T07:12:33","guid":{"rendered":"http:\/\/test.ddmsikula.cz\/?page_id=719"},"modified":"2026-01-14T10:54:23","modified_gmt":"2026-01-14T09:54:23","slug":"jarosov","status":"publish","type":"page","link":"https:\/\/ddmsikula.cz\/index.php\/jarosov\/","title":{"rendered":"Jaro\u0161ov"},"content":{"rendered":"<div class=\"flex_column av_three_fourth  flex_column_div av-zero-column-padding first  avia-builder-el-0  el_before_av_one_fourth  avia-builder-el-first  \" style='border-radius:0px; '><p><div  style='padding-bottom:10px; ' class='av-special-heading av-special-heading-h3    avia-builder-el-1  el_before_av_textblock  avia-builder-el-first  '><h3 class='av-special-heading-tag '  itemprop=\"headline\"  >Pobo\u010dka Jaro\u0161ov<\/h3><div class='special-heading-border'><div class='special-heading-inner-border' ><\/div><\/div><\/div><br \/>\n<section class=\"av_textblock_section \"  itemscope=\"itemscope\" itemtype=\"https:\/\/schema.org\/CreativeWork\" ><div class='avia_textblock  '   itemprop=\"text\" ><p>Spravujeme tak\u00e9 odlou\u010den\u00e9 pracovi\u0161t\u011b v&nbsp;Jaro\u0161ov\u011b \u2013 s\u00eddli\u0161t\u011b Louky. <strong>Pravideln\u011b zde prob\u00edh\u00e1 jak z\u00e1jmov\u00e1 pravideln\u00e1, tak i p\u0159\u00edle\u017eitostn\u00e1 \u010dinnost DDM a tak\u00e9 aktivity o\u00a0 pr\u00e1zdnin\u00e1ch.<\/strong> B\u011bhem \u0161koln\u00edch pr\u00e1zdnin (pololetn\u00ed, velikono\u010dn\u00ed, podzimn\u00ed, v\u00e1no\u010dn\u00ed, ..) tam prob\u00edhaj\u00ed jednor\u00e1zov\u00e9 aktivity.<\/p>\n<p>Adresa: Louky 520, Uhersk\u00e9 Hradi\u0161t\u011b &#8211; Jaro\u0161ov<\/p>\n<\/div><\/section><br \/>\n<div   class='hr hr-default   avia-builder-el-3  el_after_av_textblock  el_before_av_gallery '><span class='hr-inner ' ><span class='hr-inner-style'><\/span><\/span><\/div><br \/>\n<div  class='avia-gallery  avia-gallery-1 avia_lazyload avia-gallery-animate avia_animate_when_visible  avia-builder-el-4  el_after_av_hr  avia-builder-el-last '  itemprop=\"image\" itemscope=\"itemscope\" itemtype=\"https:\/\/schema.org\/ImageObject\" ><div class='avia-gallery-thumb'> <a href='https:\/\/ddmsikula.cz\/wp-content\/uploads\/2020\/11\/obr6.jpg' data-rel='gallery-1' data-prev-img='https:\/\/ddmsikula.cz\/wp-content\/uploads\/2020\/11\/obr6-495x400.jpg' class='first_thumb lightbox ' data-onclick='1' title='obr6'  itemprop=\"thumbnailUrl\"  ><img class=\"wp-image-897 avia-img-lazy-loading-not-897\"   src=\"https:\/\/ddmsikula.cz\/wp-content\/uploads\/2020\/11\/obr6-180x180.jpg\" width=\"180\" height=\"180\"  title='obr6' alt='' srcset=\"https:\/\/ddmsikula.cz\/wp-content\/uploads\/2020\/11\/obr6-180x180.jpg 180w, https:\/\/ddmsikula.cz\/wp-content\/uploads\/2020\/11\/obr6-80x80.jpg 80w, https:\/\/ddmsikula.cz\/wp-content\/uploads\/2020\/11\/obr6-36x36.jpg 36w\" sizes=\"(max-width: 180px) 100vw, 180px\" \/><\/a> <a href='https:\/\/ddmsikula.cz\/wp-content\/uploads\/2020\/11\/obr5.jpg' data-rel='gallery-1' data-prev-img='https:\/\/ddmsikula.cz\/wp-content\/uploads\/2020\/11\/obr5-495x400.jpg' class='lightbox ' data-onclick='2' title='obr5'  itemprop=\"thumbnailUrl\"  ><img class=\"wp-image-896 avia-img-lazy-loading-not-896\"   src=\"https:\/\/ddmsikula.cz\/wp-content\/uploads\/2020\/11\/obr5-180x180.jpg\" width=\"180\" height=\"180\"  title='obr5' alt='' srcset=\"https:\/\/ddmsikula.cz\/wp-content\/uploads\/2020\/11\/obr5-180x180.jpg 180w, https:\/\/ddmsikula.cz\/wp-content\/uploads\/2020\/11\/obr5-80x80.jpg 80w, https:\/\/ddmsikula.cz\/wp-content\/uploads\/2020\/11\/obr5-36x36.jpg 36w\" sizes=\"(max-width: 180px) 100vw, 180px\" \/><\/a> <a href='https:\/\/ddmsikula.cz\/wp-content\/uploads\/2020\/11\/obr4.jpg' data-rel='gallery-1' data-prev-img='https:\/\/ddmsikula.cz\/wp-content\/uploads\/2020\/11\/obr4-495x400.jpg' class='lightbox ' data-onclick='3' title='obr4'  itemprop=\"thumbnailUrl\"  ><img class=\"wp-image-895 avia-img-lazy-loading-not-895\"   src=\"https:\/\/ddmsikula.cz\/wp-content\/uploads\/2020\/11\/obr4-180x180.jpg\" width=\"180\" height=\"180\"  title='obr4' alt='' srcset=\"https:\/\/ddmsikula.cz\/wp-content\/uploads\/2020\/11\/obr4-180x180.jpg 180w, https:\/\/ddmsikula.cz\/wp-content\/uploads\/2020\/11\/obr4-80x80.jpg 80w, https:\/\/ddmsikula.cz\/wp-content\/uploads\/2020\/11\/obr4-36x36.jpg 36w\" sizes=\"(max-width: 180px) 100vw, 180px\" \/><\/a> <a href='https:\/\/ddmsikula.cz\/wp-content\/uploads\/2020\/11\/obr2.jpg' data-rel='gallery-1' data-prev-img='https:\/\/ddmsikula.cz\/wp-content\/uploads\/2020\/11\/obr2-495x400.jpg' class='lightbox ' data-onclick='4' title='obr2'  itemprop=\"thumbnailUrl\"  ><img class=\"wp-image-894 avia-img-lazy-loading-not-894\"   src=\"https:\/\/ddmsikula.cz\/wp-content\/uploads\/2020\/11\/obr2-180x180.jpg\" width=\"180\" height=\"180\"  title='obr2' alt='' srcset=\"https:\/\/ddmsikula.cz\/wp-content\/uploads\/2020\/11\/obr2-180x180.jpg 180w, https:\/\/ddmsikula.cz\/wp-content\/uploads\/2020\/11\/obr2-80x80.jpg 80w, https:\/\/ddmsikula.cz\/wp-content\/uploads\/2020\/11\/obr2-36x36.jpg 36w\" sizes=\"(max-width: 180px) 100vw, 180px\" \/><\/a> <a href='https:\/\/ddmsikula.cz\/wp-content\/uploads\/2020\/11\/j_-_1-1030x773.jpg' data-rel='gallery-1' data-prev-img='https:\/\/ddmsikula.cz\/wp-content\/uploads\/2020\/11\/j_-_1-495x400.jpg' class='lightbox ' data-onclick='5' title='j_-_1'  itemprop=\"thumbnailUrl\"  ><img class=\"wp-image-893 avia-img-lazy-loading-not-893\"   src=\"https:\/\/ddmsikula.cz\/wp-content\/uploads\/2020\/11\/j_-_1-180x180.jpg\" width=\"180\" height=\"180\"  title='j_-_1' alt='' srcset=\"https:\/\/ddmsikula.cz\/wp-content\/uploads\/2020\/11\/j_-_1-180x180.jpg 180w, https:\/\/ddmsikula.cz\/wp-content\/uploads\/2020\/11\/j_-_1-80x80.jpg 80w, https:\/\/ddmsikula.cz\/wp-content\/uploads\/2020\/11\/j_-_1-36x36.jpg 36w\" sizes=\"(max-width: 180px) 100vw, 180px\" \/><\/a><\/div><\/div><\/p><\/div><div class=\"flex_column av_one_fourth  flex_column_div av-zero-column-padding   avia-builder-el-5  el_after_av_three_fourth  avia-builder-el-last  \" style='border-radius:0px; '><p><div  class='avia-image-container  av-styling-    avia-builder-el-6  el_before_av_image  avia-builder-el-first  avia-align-center '  itemprop=\"image\" itemscope=\"itemscope\" itemtype=\"https:\/\/schema.org\/ImageObject\"  ><div class='avia-image-container-inner'><div class='avia-image-overlay-wrap'><img class='wp-image-806 avia-img-lazy-loading-not-806 avia_image' src=\"https:\/\/ddmsikula.cz\/wp-content\/uploads\/2020\/11\/jarosov1_big-300x225.jpg\" alt='' title='jarosov1_big' height=\"225\" width=\"300\"  itemprop=\"thumbnailUrl\" srcset=\"https:\/\/ddmsikula.cz\/wp-content\/uploads\/2020\/11\/jarosov1_big-300x225.jpg 300w, https:\/\/ddmsikula.cz\/wp-content\/uploads\/2020\/11\/jarosov1_big.jpg 600w\" sizes=\"(max-width: 300px) 100vw, 300px\" \/><\/div><\/div><\/div><br \/>\n<div  class='avia-image-container  av-styling-    avia-builder-el-7  el_after_av_image  el_before_av_hr  avia-align-center '  itemprop=\"image\" itemscope=\"itemscope\" itemtype=\"https:\/\/schema.org\/ImageObject\"  ><div class='avia-image-container-inner'><div class='avia-image-overlay-wrap'><img class='wp-image-805 avia-img-lazy-loading-not-805 avia_image' src=\"https:\/\/ddmsikula.cz\/wp-content\/uploads\/2020\/11\/jarosov2_big-300x225.jpg\" alt='' title='jarosov2_big' height=\"225\" width=\"300\"  itemprop=\"thumbnailUrl\" srcset=\"https:\/\/ddmsikula.cz\/wp-content\/uploads\/2020\/11\/jarosov2_big-300x225.jpg 300w, https:\/\/ddmsikula.cz\/wp-content\/uploads\/2020\/11\/jarosov2_big.jpg 380w\" sizes=\"(max-width: 300px) 100vw, 300px\" \/><\/div><\/div><\/div><br \/>\n<div   class='hr hr-default   avia-builder-el-8  el_after_av_image  el_before_av_codeblock '><span class='hr-inner ' ><span class='hr-inner-style'><\/span><\/span><\/div><br \/>\n<\/p><\/div><\/p>\n","protected":false},"excerpt":{"rendered":"","protected":false},"author":1,"featured_media":0,"parent":0,"menu_order":0,"comment_status":"closed","ping_status":"closed","template":"","meta":[],"_links":{"self":[{"href":"https:\/\/ddmsikula.cz\/index.php\/wp-json\/wp\/v2\/pages\/719"}],"collection":[{"href":"https:\/\/ddmsikula.cz\/index.php\/wp-json\/wp\/v2\/pages"}],"about":[{"href":"https:\/\/ddmsikula.cz\/index.php\/wp-json\/wp\/v2\/types\/page"}],"author":[{"embeddable":true,"href":"https:\/\/ddmsikula.cz\/index.php\/wp-json\/wp\/v2\/users\/1"}],"replies":[{"embeddable":true,"href":"https:\/\/ddmsikula.cz\/index.php\/wp-json\/wp\/v2\/comments?post=719"}],"version-history":[{"count":11,"href":"https:\/\/ddmsikula.cz\/index.php\/wp-json\/wp\/v2\/pages\/719\/revisions"}],"predecessor-version":[{"id":4140,"href":"https:\/\/ddmsikula.cz\/index.php\/wp-json\/wp\/v2\/pages\/719\/revisions\/4140"}],"wp:attachment":[{"href":"https:\/\/ddmsikula.cz\/index.php\/wp-json\/wp\/v2\/media?parent=719"}],"curies":[{"name":"wp","href":"https:\/\/api.w.org\/{rel}","templated":true}]}}