{"id":1051,"date":"2021-01-24T18:37:31","date_gmt":"2021-01-24T17:37:31","guid":{"rendered":"http:\/\/test.ddmsikula.cz\/?page_id=1051"},"modified":"2021-01-24T18:46:27","modified_gmt":"2021-01-24T17:46:27","slug":"mgr-lenka-pavelcikova","status":"publish","type":"page","link":"https:\/\/ddmsikula.cz\/index.php\/mgr-lenka-pavelcikova\/","title":{"rendered":"Mgr. Lenka Pavel\u010d\u00edkov\u00e1"},"content":{"rendered":"<div id='av_section_1'  class='avia-section main_color avia-section-default avia-no-border-styling  avia-bg-style-scroll  avia-builder-el-0  avia-builder-el-no-sibling   container_wrap fullsize' style='background-color: #ffffff;  margin-top:0px; margin-bottom:200px; '  ><div class='container' ><main  role=\"main\" itemprop=\"mainContentOfPage\"  class='template-page content  av-content-full alpha units'><div class='post-entry post-entry-type-page post-entry-1051'><div class='entry-content-wrapper clearfix'>\n<div class=\"flex_column av_one_half  flex_column_div av-zero-column-padding first  avia-builder-el-1  el_before_av_one_third  avia-builder-el-first  \" style='border-radius:0px; '><p><div  style='padding-bottom:10px; ' class='av-special-heading av-special-heading-h3    avia-builder-el-2  el_before_av_textblock  avia-builder-el-first  '><h3 class='av-special-heading-tag '  itemprop=\"headline\"  >Mgr. Lenka Pavel\u010d\u00edkov\u00e1<\/h3><div class='special-heading-border'><div class='special-heading-inner-border' ><\/div><\/div><\/div><br \/>\n<section class=\"av_textblock_section \"  itemscope=\"itemscope\" itemtype=\"https:\/\/schema.org\/CreativeWork\" ><div class='avia_textblock  av_inherit_color '   itemprop=\"text\" ><p><strong>Vedouc\u00ed P\u0159\u00edrodov\u011bdn\u00e9ho centra TRNKA<\/strong><\/p>\n<p>Pr\u00e1ce je j\u00edm kon\u00ed\u010dkem, nad\u0161enec v\u00a0oblasti ochrany \u017eivotn\u00edho prost\u0159ed\u00ed, velmi hrav\u00fd a tvo\u0159iv\u00fd \u010dlov\u011bk s\u00a0velkou d\u00e1vkou n\u00e1pad\u016f. Je vedouc\u00ed P\u0159\u00edrodov\u011bdn\u00e9ho centra Trnka, \u0159\u00edd\u00ed jak p\u0159\u00edrodov\u011bdn\u00e9, tak i technick\u00e9, badatelsk\u00e9 krou\u017eky a kurzy. Ty jsou ur\u010deny jako pro d\u011bti, \u017e\u00e1ky, studenty, dosp\u011bl\u00e9 a seniory.<\/p>\n<p>Lenka je absolventkou UP Olomouc, P\u0159\u00edrodov\u011bdn\u00e9 fakulty obor Ekologie a ochrana prost\u0159ed\u00ed a tak\u00e9 u\u010ditelstv\u00ed ochrany \u017eivotn\u00edho prost\u0159ed\u00ed pro st\u0159edn\u00ed \u0161koly. Za sebou m\u00e1 mnoho vzd\u011bl\u00e1vac\u00edch kurz\u016f se zam\u011b\u0159en\u00edm na EVVO. Je autorkou cel\u00e9 \u0159ady publikac\u00ed, metodick\u00fdch a pracovn\u00edch list\u016f, sout\u011b\u017e\u00ed a kreativn\u00edch u\u010debn\u00edch pom\u016fcek. Je velmi aktivn\u00ed \u010dlenkou L\u00edsky, z.s. Vset\u00edn, zejm\u00e9na lektorkou kurz\u016f zam\u011b\u0159en\u00e9 na vzd\u011bl\u00e1v\u00e1n\u00ed pedagog\u016f.<\/p>\n<p>P\u0159\u00edrodov\u011bdn\u00e9 centrum Trnka vybudovala od z\u00e1klad\u016f, i kdy\u017e to bylo mnohdy t\u011b\u017ek\u00e9 vzhledem k\u00a0tomu, \u017ee se muselo 2x zm\u011bnit m\u00edsto p\u016fsobi\u0161t\u011b. Nyn\u00ed se nach\u00e1z\u00ed v\u00a0prostor\u00e1ch Z\u00e1kladn\u00ed \u0161koly Za Alej\u00ed Uh. Hradi\u0161t\u011b, kde se star\u00e1 o v\u00edce ne\u017e 20 druh\u016f zv\u00ed\u0159at. Lenka si ve sv\u00e9 pr\u00e1ci klade c\u00edle, kter\u00e9 vedou ke zv\u00fd\u0161en\u00ed ekologick\u00e9 gramotnosti a to nap\u0159\u00ed\u010d v\u0161emi generacemi, ale tak\u00e9 odborn\u00e9 a pedagogick\u00e9 ve\u0159ejnosti. Velkou \u010d\u00e1st sv\u00e9 \u010dinnosti v\u011bnuje v\u00fdukov\u00fdm program\u016fm, kter\u00e9 nab\u00edz\u00ed pro v\u0161echny typy \u0161kol.\u00a0 Je tak\u00e9 velmi aktivn\u00ed v\u00a0p\u0159\u00edprav\u011b a realizaci projekt\u016f, kter\u00e9 se nab\u00edz\u00ed z\u00a0r\u016fzn\u00fdch instituc\u00ed, op\u011bt se zam\u011b\u0159en\u00edm na p\u0159\u00edrodu, kde se sna\u017e\u00ed o osv\u011btu i v\u00a0r\u00e1mci zdrav\u00e9ho \u017eivotn\u00edho stylu. Je autorkou P\u0159\u00edrodov\u011bdn\u00e9 akademie, odborn\u00e9 p\u0159edn\u00e1\u0161ky pro laickou ve\u0159ejnost ji\u017e n\u011bkolik let.<\/p>\n<p>Ve sv\u00e9 \u010dinnosti velmi \u010dasto pou\u017e\u00edv\u00e1 prvky metod z\u00e1\u017eitkov\u00e9 pedagogiky.<\/p>\n<p>Je hlavn\u00ed vedouc\u00ed letn\u00edch t\u00e1bor\u016f jak pobytov\u00fdch, tak i p\u0159\u00edm\u011bstsk\u00fdch se zam\u011b\u0159en\u00edm na ochranu p\u0159\u00edrody.<\/p>\n<\/div><\/section><\/p><\/div><div class=\"flex_column av_one_third  flex_column_div av-zero-column-padding   avia-builder-el-4  el_after_av_one_half  avia-builder-el-last  \" style='border-radius:0px; '><section class=\"av_textblock_section \"  itemscope=\"itemscope\" itemtype=\"https:\/\/schema.org\/CreativeWork\" ><div class='avia_textblock  '   itemprop=\"text\" ><p><strong>&#8222;Nikdo ned\u011bl\u00e1 v\u011bt\u0161\u00ed chybu ne\u017e ten,<br \/>\nkdo ned\u011bl\u00e1 nic v&nbsp;domn\u011bn\u00ed,<br \/>\n\u017ee to m\u00e1lo, co ud\u011blat m\u016f\u017ee,<br \/>\nnem\u00e1 smysl.&#8220;<br \/>\n(E. Burke)<\/strong><\/p>\n<\/div><\/section><\/div>\n","protected":false},"excerpt":{"rendered":"","protected":false},"author":1,"featured_media":0,"parent":0,"menu_order":0,"comment_status":"closed","ping_status":"closed","template":"","meta":[],"_links":{"self":[{"href":"https:\/\/ddmsikula.cz\/index.php\/wp-json\/wp\/v2\/pages\/1051"}],"collection":[{"href":"https:\/\/ddmsikula.cz\/index.php\/wp-json\/wp\/v2\/pages"}],"about":[{"href":"https:\/\/ddmsikula.cz\/index.php\/wp-json\/wp\/v2\/types\/page"}],"author":[{"embeddable":true,"href":"https:\/\/ddmsikula.cz\/index.php\/wp-json\/wp\/v2\/users\/1"}],"replies":[{"embeddable":true,"href":"https:\/\/ddmsikula.cz\/index.php\/wp-json\/wp\/v2\/comments?post=1051"}],"version-history":[{"count":3,"href":"https:\/\/ddmsikula.cz\/index.php\/wp-json\/wp\/v2\/pages\/1051\/revisions"}],"predecessor-version":[{"id":1061,"href":"https:\/\/ddmsikula.cz\/index.php\/wp-json\/wp\/v2\/pages\/1051\/revisions\/1061"}],"wp:attachment":[{"href":"https:\/\/ddmsikula.cz\/index.php\/wp-json\/wp\/v2\/media?parent=1051"}],"curies":[{"name":"wp","href":"https:\/\/api.w.org\/{rel}","templated":true}]}}

Mgr. Lenka Pavelčíková

<div id='av_section_1'  class='avia-section main_color avia-section-default avia-no-border-styling  avia-bg-style-scroll  avia-builder-el-0  avia-builder-el-no-sibling   container_wrap fullsize' style='background-color: #ffffff;  margin-top:0px; margin-bottom:200px; '  ><div class='container' ><main  role="main" itemprop="mainContentOfPage"  class='template-page content  av-content-full alpha units'><div class='post-entry post-entry-type-page post-entry-1051'><div class='entry-content-wrapper clearfix'>
<div class="flex_column av_one_half  flex_column_div av-zero-column-padding first  avia-builder-el-1  el_before_av_one_third  avia-builder-el-first  " style='border-radius:0px; '><p><div  style='padding-bottom:10px; ' class='av-special-heading av-special-heading-h3    avia-builder-el-2  el_before_av_textblock  avia-builder-el-first  '><h3 class='av-special-heading-tag '  itemprop="headline"  >Mgr. Lenka Pavelčíková</h3><div class='special-heading-border'><div class='special-heading-inner-border' ></div></div></div><br />
<section class="av_textblock_section "  itemscope="itemscope" itemtype="https://schema.org/CreativeWork" ><div class='avia_textblock  av_inherit_color '   itemprop="text" ><p><strong>Vedoucí Přírodovědného centra TRNKA</strong></p>
<p>Práce je jím koníčkem, nadšenec v oblasti ochrany životního prostředí, velmi hravý a tvořivý člověk s velkou dávkou nápadů. Je vedoucí Přírodovědného centra Trnka, řídí jak přírodovědné, tak i technické, badatelské kroužky a kurzy. Ty jsou určeny jako pro děti, žáky, studenty, dospělé a seniory.</p>
<p>Lenka je absolventkou UP Olomouc, Přírodovědné fakulty obor Ekologie a ochrana prostředí a také učitelství ochrany životního prostředí pro střední školy. Za sebou má mnoho vzdělávacích kurzů se zaměřením na EVVO. Je autorkou celé řady publikací, metodických a pracovních listů, soutěží a kreativních učebních pomůcek. Je velmi aktivní členkou Lísky, z.s. Vsetín, zejména lektorkou kurzů zaměřené na vzdělávání pedagogů.</p>
<p>Přírodovědné centrum Trnka vybudovala od základů, i když to bylo mnohdy těžké vzhledem k tomu, že se muselo 2x změnit místo působiště. Nyní se nachází v prostorách Základní školy Za Alejí Uh. Hradiště, kde se stará o více než 20 druhů zvířat. Lenka si ve své práci klade cíle, které vedou ke zvýšení ekologické gramotnosti a to napříč všemi generacemi, ale také odborné a pedagogické veřejnosti. Velkou část své činnosti věnuje výukovým programům, které nabízí pro všechny typy škol.  Je také velmi aktivní v přípravě a realizaci projektů, které se nabízí z různých institucí, opět se zaměřením na přírodu, kde se snaží o osvětu i v rámci zdravého životního stylu. Je autorkou Přírodovědné akademie, odborné přednášky pro laickou veřejnost již několik let.</p>
<p>Ve své činnosti velmi často používá prvky metod zážitkové pedagogiky.</p>
<p>Je hlavní vedoucí letních táborů jak pobytových, tak i příměstských se zaměřením na ochranu přírody.</p>
</div></section></p></div><div class="flex_column av_one_third  flex_column_div av-zero-column-padding   avia-builder-el-4  el_after_av_one_half  avia-builder-el-last  " style='border-radius:0px; '><section class="av_textblock_section "  itemscope="itemscope" itemtype="https://schema.org/CreativeWork" ><div class='avia_textblock  '   itemprop="text" ><p><strong>&#8222;Nikdo nedělá větší chybu než ten,<br />
kdo nedělá nic v&nbsp;domnění,<br />
že to málo, co udělat může,<br />
nemá smysl.&#8220;<br />
(E. Burke)</strong></p>
</div></section></div>
